What is the greatest common divisor of 2689432 and 424?
424
Calculate the highest common factor of 104 and 290628.
52
Calculate the greatest common factor of 1717 and 13837.
101
What is the highest common divisor of 2445 and 785?
5
Calculate the highest common divisor of 1216 and 3829792.
608
Calculate the greatest common divisor of 7093 and 574.
41
What is the highest common divisor of 876 and 3948?
12
Calculate the greatest common divisor of 23 and 552253.
23
Calculate the highest common divisor of 66688 and 24.
8
What is the greatest common divisor of 36 and 40944?
12
What is the greatest common divisor of 3465 and 49770?
315
What is the greatest common divisor of 729 and 16101?
9
What is the greatest common factor of 61344 and 108?
108
Calculate the greatest common divisor of 51 and 531405.
3
Calculate the greatest common factor of 5992 and 1409832.
856
Calculate the greatest common divisor of 413088 and 156.
156
What is the highest common factor of 240977 and 20754?
1153
What is the highest common factor of 115030 and 20?
10
Calculate the greatest common divisor of 21315 and 45.
15
Calculate the highest common factor of 85 and 21745.
5
Calculate the greatest common factor of 6 and 153150.
6
Calculate the greatest common divisor of 49358 and 296.
74
Calculate the greatest common divisor of 1328850 and 125.
25
What is the highest common factor of 25188 and 276?
12
What is the highest common divisor of 1449 and 134918?
161
Calculate the greatest common factor of 2385 and 2700.
45
What is the highest common factor of 1424 and 146138?
178
Calculate the greatest common factor of 1287 and 41250.
33
What is the highest common factor of 1200 and 197700?
300
Calculate the highest common factor of 176 and 168576.
16
What is the greatest common divisor of 5352 and 204?
12
What is the greatest common factor of 91280 and 336?
112
Calculate the highest common divisor of 57 and 5662.
19
Calculate the greatest common divisor of 68179 and 116.
29
Calculate the highest common factor of 46 and 1160787.
23
What is the highest common factor of 1708656 and 12?
12
What is the highest common divisor of 116 and 1451276?
116
What is the highest common divisor of 48879 and 603?
9
Calculate the greatest common factor of 1484 and 349111.
371
Calculate the greatest common divisor of 16263 and 17097.
417
Calculate the greatest common factor of 29750 and 840.
70
What is the highest common divisor of 143 and 5137?
11
What is the highest common divisor of 42 and 14350?
14
Calculate the highest common divisor of 1065 and 67215.
15
Calculate the greatest common factor of 1053 and 266292.
117
Calculate the greatest common divisor of 5130 and 5454.
54
What is the greatest common factor of 43583 and 29764?
1063
What is the highest common factor of 204 and 515270?
34
What is the greatest common factor of 50 and 922?
2
Calculate the greatest common divisor of 24543 and 2929.
101
Calculate the highest common factor of 3487744 and 104.
104
Calculate the greatest common factor of 665 and 670985.
665
Calculate the greatest common factor of 76 and 402848.
4
Calculate the highest common factor of 3 and 119389.
1
What is the greatest common factor of 1032 and 2011540?
172
What is the highest common factor of 758392 and 88?
8
Calculate the greatest common divisor of 284018 and 14.
14
Calculate the greatest common factor of 402 and 115977.
201
What is the greatest common factor of 26097 and 219?
3
Calculate the greatest common factor of 104 and 252148.
52
Calculate the greatest common divisor of 521229 and 3.
3
Calculate the highest common factor of 358 and 9487.
179
What is the highest common factor of 15552 and 1647?
27
What is the greatest common factor of 13189 and 181049?
1199
Calculate the greatest common divisor of 60 and 468920.
20
What is the highest common factor of 23698 and 217039?
289
What is the highest common factor of 535101 and 747?
249
What is the highest common factor of 180 and 55665?
45
Calculate the highest common divisor of 741 and 1891773.
741
What is the greatest common factor of 890359 and 19?
19
What is the greatest common divisor of 10514 and 4?
2
What is the greatest common divisor of 75135 and 465?
15
What is the greatest common factor of 99 and 24453?
99
What is the greatest common divisor of 15892 and 18212?
116
What is the greatest common factor of 1256718 and 903?
129
What is the highest common factor of 11 and 468842?
11
What is the highest common divisor of 368487 and 27?
9
What is the greatest common factor of 12029 and 93617?
523
Calculate the greatest common factor of 137974 and 596.
298
Calculate the greatest common factor of 4888 and 18001.
47
Calculate the highest common divisor of 860 and 774.
86
What is the greatest common factor of 162066 and 174?
6
What is the highest common factor of 9256 and 1846?
26
What is the greatest common divisor of 86645 and 2924?
43
Calculate the highest common divisor of 821845 and 4220.
1055
Calculate the highest common factor of 9740 and 580.
20
Calculate the greatest common factor of 1025 and 5566775.
1025
Calculate the highest common divisor of 609 and 1308335.
203
Calculate the highest common divisor of 80 and 70610.
10
Calculate the greatest common divisor of 1760 and 77330.
110
What is the highest common divisor of 9 and 199593?
9
What is the highest common divisor of 21614 and 4280?
214
Calculate the greatest common factor of 2030 and 735875.
1015
Calculate the greatest common divisor of 63411 and 2139.
69
What is the greatest common divisor of 1254 and 5244?
114
What is the highest common factor of 616833 and 28?
7
Calculate the greatest common factor of 195570 and 90.
90
What is the highest common factor of 21033 and 1599?
123
What is the greatest common factor of 34286 and 237?
79
What is the greatest common factor of 18818 and 582?
194
Calculate the greatest common factor of 91 and 196781.
13
What is the greatest common factor of 26494 and 104?
26
What is the highest common factor of 60340 and 128?
4
What is the greatest common factor of 4050998 and 714?
238
What is the greatest common factor of 45 and 404181?
9
Calculate the greatest common factor of 86 and 402824.
86
Calculate the highest common divisor of 2960514 and 828.
414
What is the highest common factor of 24896 and 6848?
64
What is the highest common divisor of 1443 and 6877?
13
Calculate the greatest common divisor of 1272 and 56127.
159
Calculate the greatest common factor of 369015 and 9855.
1095
Calculate the greatest common divisor of 8 and 175196.
4
What is the highest common factor of 2667 and 108?
3
Calculate the greatest common factor of 1323 and 477.
9
Calculate the greatest common divisor of 2898 and 35742.
966
Calculate the greatest common factor of 22984 and 18616.
104
Calculate the highest common divisor of 139213 and 969.
323
Calculate the greatest common factor of 6 and 37234.
2
Calculate the greatest common divisor of 852 and 15123.
213
Calculate the highest common factor of 11001 and 965.
193
What is the greatest common divisor of 478331 and 23?
23
What is the greatest common factor of 272 and 107304?
136
What is the highest common factor of 35810 and 260?
10
Calculate the greatest common factor of 22770 and 21780.
990
Calculate the greatest common divisor of 320 and 6220.
20
Calculate the highest common divisor of 4160 and 2275.
65
What is the highest common divisor of 123102 and 1062?
18
Calculate the greatest common divisor of 799398 and 89.
89
What is the highest common factor of 10476 and 1755?
27
What is the greatest common divisor of 3744 and 182286?
234
Calculate the highest common factor of 298 and 513454.
298
Calculate the greatest common divisor of 200 and 3925.
25
Calculate the greatest common divisor of 4002157 and 794.
397
Calculate the highest common factor of 189002 and 3872.
242
Calculate the highest common divisor of 25 and 2600.
25
What is the greatest common factor of 4 and 199132?
4
What is the highest common divisor of 89064 and 3912?
24
What is the greatest common divisor of 1289 and 208?
1
What is the highest common divisor of 35433 and 27?
9
What is the greatest common divisor of 1693039 and 43?
43
Calculate the greatest common divisor of 4023 and 189975.
447
Calculate the greatest common factor o